 - -4577?
4611
In base 10, what is -177818 - 2?
-177820
In base 15, what is 44c + e5?
542
In base 14, what is 4 + 588d9?
588dd
In base 7, what is -156251 - 14?
-156265
In base 7, what is 2 - -24303?
24305
In base 4, what is 1103 + 310?
2013
In base 6, what is 1 - 133400?
-133355
In base 10, what is -5 + -259268?
-259273
In base 5, what is -2012 - -214331?
212314
In base 15, what is -c45c - 2?
-c45e
In base 15, what is -1a - -325?
30a
In base 16, what is 32b191 + 5?
32b196
In base 14, what is -12 - -13b5?
13a3
In base 6, what is -1452 + 30?
-1422
In base 3, what is -22101102 + -110?
-22101212
In base 11, what is -24 + -2064?
-2088
In base 4, what is 0 + -313300113?
-313300113
In base 14, what is -5 + 1973?
196c
In base 5, what is -10 + -14241?
-14301
In base 8, what is -24336555 + 2?
-24336553
In base 16, what is 398 + 5b?
3f3
In base 10, what is -3 - 196007?
-196010
In base 6, what is -15212335 + -2?
-15212341
In base 4, what is -1211 + -102112?
-103323
In base 4, what is -3 - 10111310?
-10111313
In base 2, what is -110110 - -1011100111101?
1011100000111
In base 7, what is -2 + 12532?
12530
In base 14, what is 79718 - 4?
79714
In base 16, what is -e05 - -10?
-df5
In base 13, what is -6 - -166a40?
166a37
In base 11, what is -5 - -33831?
33827
In base 13, what is -1ab + -9a?
-278
In base 6, what is -33542 - 110?
-34052
In base 11, what is -46384 - 0?
-46384
In base 5, what is 0 - -124332?
124332
In base 11, what is 33593 + -44?
3354a
In base 14, what is -15 - -6413?
63dc
In base 6, what is 1000533 + -121?
1000412
In base 5, what is 12 + 1031344?
1031411
In base 6, what is 5 - 2001422?
-2001413
In base 8, what is -10214 + -4?
-10220
In base 3, what is -10002222 - 2011?
-10012010
In base 11, what is -2 - -194808?
194806
In base 2, what is -10001110010110000 - 1111?
-10001110010111111
In base 6, what is 1455320 - 2?
1455314
In base 6, what is -11521 - 30?
-11551
In base 16, what is 93 - a41?
-9ae
In base 2, what is 111001 + -101000011000?
-100111011111
In base 10, what is -9 - 174239?
-174248
In base 2, what is -11011110010010 + 100?
-11011110001110
In base 7, what is 4433 - 112?
4321
In base 16, what is f - -348?
357
In base 5, what is -4 - 1301410?
-1301414
In base 11, what is -a - -120192?
120183
In base 14, what is -10616 + -3?
-10619
In base 10, what is -42 - 204?
-246
In base 7, what is 2036343 + -2?
2036341
In base 14, what is -4 + 3911b?
39117
In base 7, what is -2 - 151520?
-151522
In base 13, what is 15773 - -53?
157c6
In base 11, what is -1 - -30a37?
30a36
In base 5, what is -1 - -23402?
23401
In base 8, what is -1 + -772224?
-772225
In base 8, what is 4 - 117174?
-117170
In base 12, what is 128a1 - -6?
128a7
In base 12, what is -84 - 115?
-199
In base 7, what is -133502 - 111?
-133613
In base 8, what is -4104 + 2477?
-1405
In base 15, what is 6d986 + -5?
6d981
In base 8, what is 4 - -110112?
110116
In base 3, what is -12 - -10120112011?
10120111222
In base 2, what is 10010011010 + 1011000101001?
1101011000011
In base 16, what is -4 + -7492?
-7496
In base 6, what is 4 - 144530?
-144522
In base 13, what is 2 + 280b?
2810
In base 4, what is -11100203 + 300?
-11033303
In base 8, what is -25706 + 2?
-25704
In base 6, what is 3 - 142110?
-142103
In base 9, what is 15232 + 18?
15251
In base 3, what is -2 - -1011011000?
1011010221
In base 9, what is -281 + 6314?
6023
In base 15, what is -27a7 + -4?
-27ab
In base 11, what is -89 + -9?
-97
In base 9, what is -3 - 150127?
-150131
In base 12, what is 5982 - 45?
5939
In base 14, what is -9cd + 342?
-68b
In base 15, what is 7 + -5b5?
-5ad
In base 4, what is -31 + 13203322?
13203231
In base 7, what is 131245 - -5?
131253
In base 7, what is 1054 - -312?
1366
In base 15, what is -4e7 - -32e?
-1b8
In base 8, what is -63665 - -4?
-63661
In base 8, what is 263 - -5522?
6005
In base 9, what is 1255 - 141?
1114
In base 9, what is 3 - -282572?
282575
In base 7, what is 5 + -5532116?
-5532111
In base 10, what is 5286 + 467?
5753
In base 15, what is 2c2e7a + 3?
2c2e7d
In base 2, what is 0 + 10101010100100?
10101010100100
In base 3, what is 102120120200 - 10?
102120120120
In base 5, what is -3 + 442043?
442040
In base 15, what is 431 - 5e?
3c2
In base 15, what is 4b2c - -5?
4b32
In base 5, what is -22 - 112341?
-112413
In base 4, what is -2132222 - -3?
-2132213
In base 12, what is -435 + 98?
-359
In base 8, what is 4 + 44762?
44766
In base 10, what is 18942 + 5?
18947
In base 2, what is 10110 - 100010011100101?
-100010011001111
In base 7, what is -363 - 1453?
-2146
In base 16, what is -152 + -1c2?
-314
In base 6, what is 1 - -5545001?
5545002
In base 12, what is -3 + -37a3?
-37a6
In base 10, what is 20 + -167964?
-167944
In base 4, what is -3 - 22103202?
-22103211
In base 9, what is -282 - 31?
-323
In base 16, what is -11f28 + -6?
-11f2e
In base 15, what is 19 - 265d?
-2644
In base 11, what is 115784 - -2?
115786
In base 12, what is -38328 - 41?
-38369
In base 16, what is -5 + dbf7?
dbf2
In base 3, what is 22 + 200221001?
200221100
In base 6, what is 2124 - 4?
2120
In base 7, what is -16414 + -261?
-20005
In base 10, what is 494836 - -4?
494840
In base 6, what is -4 - -35341?
35333
In base 15, what is -29b5 + -2?
-29b7
In base 6, what is -55301 + -11?
-55312
In base 6, what is -2 + -23344?
-23350
In base 8, what is 62051 - 3?
62046
In base 3, what is 101102 + 10112?
111221
In base 8, what is 117 + 317?
436
In base 12, what is -4 - -247a3?
2479b
In base 11, what is 63 + 3939?
39a1
In base 8, what is -1647 - -126?
-1521
In base 3, what is -1 + 1010100000?
1010022222
In base 14, what is -17 - 366?
-37d
In base 2, what is -101000010100110000000 - -100?
-101000010100101111100
In base 13, what is -8 - 2291?
-2299
In base 11, what is 11 - -95117?
95128
In base 14, what is -d73 + -738?
-16ab
In base 4, what is -2 + -10123110?
-10123112
In base 3, what is 2112100 - 20212?
2021111
In base 15, what is 17 + 36d0?
36e7
In base 10, what is -180735 + 3?
-180732
In base 12, what is -14503 - -4?
-144bb
In base 10, what is -4 - 549403?
-549407
In base 11, what is 66484 + 4?
66488
In base 2, what is 100 - 10001000101?
-10001000001
In base 14, what is -2 - 98?
-9a
In base 11, what is 5 + 25a8?
2602
In base 13, what is -88 + -1c9?
-284
In base 6, what is 100404524 - -3?
100404531
In base 9, what is -85 - -163?
67
In base 14, what is b7c3ad + 3?
b7c3b2
In base 7, what is -16 + 150613?
150564
In base 3, what is -2121221012 + -22?
-2121221111
In base 3, what is 2012 + -11020?
-2001
In base 6, what is -4214 - -2312?
-1502
In base 8, what is 2 - -137664?
137666
In base 12, what is -15b70 - 1?
-15b71
In base 13, what is -1 - 3948?
-3949
In base 4, what is -23031213 - 0?
-23031213
In base 8, what is 1320310 + 1?
1320311
In base 7, what is -1 - 2135522?
-2135523
In base 14, what is -91a + -8?
-924
In base 7, what is -10402 + 165?
-10204
In base 12, what is -76b + -54?
-803
In base 3, what is 122201011110 - -12?
122201011122
In base 8, what is 71226 + 2?
71230
In base 9, what is 3334 - -307?
3642
In base 15, what is -a094 + 6?
-a08d
In base 7, what is 100 - 25165?
-25065
In base 8, what is 311434 - -6?
311442
In base 2, what is 1010101101100 - 11110?
1010101001110
In base 13, what is -3 - -2185?
2182
In base 4, what is 123330 - 3102?
120222
In base 5, what is 10402 - 111022?
-100120
In base 15, what is -6358c - 5?
-63592
In base 8, what is -4450 - -31?
-4417
In base 13, what is -996b + 49?
-9922
In base 16, what is 314 - 3e3?
-cf
In base 6, what is 3354321 - -10?
3354331
In base 15, what is 0 - -a812?
a812
In base 12, what is -1 + -77099?
-7709a
In base 13, what is -18b13 - -5?
-18b0b
In base 5, what is 4 + -24104212?
-24104203
In base 8, what is -24 - 6075?
-6121
In base 8, what is 1002 - -5333?
6335
In base 8, what is 135 - 5416?
-5261
In base 2, what is -101111100101001 - -1010?
-101111100011111
In base 8, what is -10227 - 523?
-10752
In base 12, what is -11b92 - -20?
-11b72
In base 9, what is 4223 + -20?
4203
In base 10, what is -129 - -2156?
2027
In base 3, what is 11021101120 + -12?
11021101101
In base 5, what is -400104 - -11?
-400043
In base 11, what is 14 + -84a12?
-849a9
In base 7, what is -542 - -114?
-425
In base 16, what is 5 + -efda?
-efd5
In base 16, what is 4d550 + -2?
4d54e
In base 3, what is 12 + 12220020101?
122200201